 l + l + 4 + 0*l + 1. Suppose 15*i = 10*i - 25. What is p(i)?
-5
Let v(w) = -12 - 1 - 2*w + 15. Determine v(-2).
6
Let p(q) = q**2 - q + 4. Suppose -5*s - 2*h + 6 = 0, -2*s + 0*h = h - 3. Calculate p(s).
4
Let n(y) be the second derivative of -2*y**3/3 + 6*y - 2. Suppose 0*v - 2*v = 5*k - 15, v = 0. Suppose 3*p - k = 3*f - p, f = p. What is n(f)?
-12
Let c = -3 - -3. Suppose c = -o - o - 4. Let n(j) = j**2 - 2*j - 2. Calculate n(o).
6
Let k(g) = g - 2*g - g + 3*g. Calculate k(-7).
-7
Let i = -31 + 25. Let y(r) = -r**2 - 4*r + 8. What is y(i)?
-4
Let o(d) = -16 + 14 + 7 + 2*d. What is o(-6)?
-7
Let k(v) be the second derivative of -v**3/2 - 7*v**2/2 - 3*v. Let p(n) = 6*n + 14. Let z(u) = 7*k(u) + 3*p(u). Determine z(-5).
8
Let y(z) = z**3 + z. Let a(m) = -3*m**3 - 7*m**2 + 8. Let i(k) = a(k) + 2*y(k). Determine i(-7).
-6
Let h(j) = -3*j**3 - 21*j**2 + 3*j + 15. Let y(p) = p**3 + 10*p**2 - p - 7. Let g(v) = -2*h(v) - 5*y(v). Determine g(8).
-3
Let w = -10 + 13. Let u(p) = -2*p + 3*p + 0*p**3 - 10*p**w + 0*p + p**2. What is u(-1)?
10
Suppose j = -2*n, n = 4*j - 3*j - 6. Let a(r) = -5*r + 1 - 3 - 1. Determine a(n).
7
Let w(g) = -g + 5. Let t = -4 + 4. Let z be w(t). Let n(m) = m**3 - 6*m**2 + 7*m - 5. Calculate n(z).
5
Let f be (-2)/(-9) + 195/(-27). Let j(a) = -a**2 - 9*a - 1. Let m be j(f). Let y(o) = -7*o**2 + m*o**2 - 2*o - 1 + o. What is y(-1)?
6
Let g(p) = -11*p**3 - 4*p**2 + 15*p - 29. Let v(l) = 4*l**3 + l**2 - 5*l + 10. Let s(r) = 3*g(r) + 8*v(r). Give s(-5).
-7
Suppose 13*d = 17*d - 12. Let p(z) = 5*z + 0 - 4 - 2*z**2 + z**2. What is p(d)?
2
Let i = 11 + -8. Let a(m) = 0 + i - m**2 - 3. Give a(1).
-1
Let t(x) = -x**3 + x**2 + 3*x + 4. Let h(y) = -2*y**3 + y**2 + 6*y + 8. Let m(s) = -3*h(s) + 7*t(s). Calculate m(5).
-6
Let m(o) = -o - 2. Let q = -2 + 2. Suppose q = t + 3*t. Suppose 0 = -n - n - a + 12, t = 3*a - 12. Give m(n).
-6
Suppose 12 = 2*a + 4. Let d(x) = 2*x - 4*x**2 + x + x**3 + x - 3 - 2*x. Calculate d(a).
5
Let f(z) = 10*z - 1. Let c be (-106)/10 - 6/15. Let w = c - -15. Suppose 0*p - 4*p - w = 0. Give f(p).
-11
Suppose -10 = -5*n - 0. Suppose -9 = i + 3*o - 23, -n = -5*i + 2*o. Let k(b) = 5*b - 3. Calculate k(i).
7
Let q(i) = 6*i**3 + 4*i**2 + 4*i. Let u(a) = 6*a**3 + 3*a**2 + 3*a. Let z(k) = 2*q(k) - 3*u(k). Give z(-1).
6
Let m(u) be the second derivative of -7*u**5/20 + u**4/12 - u**3/6 + u**2/2 + u. Suppose -2*v = -v + 8. Let q be (v/16)/((-2)/4). Determine m(q).
-6
Let s(p) = -43*p + 90*p + p**2 - 41*p. Let g(z) = -2*z - 25. Let d(t) = t + 12. Let y(c) = -7*d(c) - 3*g(c). Let l be y(-4). Determine s(l).
-5
Let y(z) = -4*z**2 + 5*z + 9. Let c(k) = k**2 - 1. Let s(j) = 5*c(j) + y(j). Let o be (-2 - 0)/(2/(-7)). Suppose -o + 1 = 2*w. Determine s(w).
-2
Let p(d) be the third derivative of d**5/60 + 5*d**4/24 - 7*d**3/6 - 25*d**2. Give p(-5).
-7
Suppose -11 = 5*a + k + 13, -a - 5*k = 0. Let w(r) = r + 7. Determine w(a).
2
Suppose -9 - 3 = -3*z. Let w(f) = 3*f**3 - 3*f - 4*f**3 + 5*f**2 - 2 + 1. Determine w(z).
3
Let j(x) = x**3 - 5*x**2 - 6*x + 5. Let l be (-1)/(-1) - (-4 + -1). Determine j(l).
5
Let l(p) be the first derivative of -p**3/3 + 3*p**2/2 + 2*p + 1. Let q(i) = i**2 - 13*i + 5. Let n be q(13). Calculate l(n).
-8
Let y(d) be the first derivative of 0*d - 4 + 1/2*d**2 - 3*d**4 + 0*d**3. Give y(-1).
11
Let g be 8/(-4) + -10*1. Let w = g - -11. Let i(d) = -3*d + 1. Let b(q) = q - 1. Let p(m) = w*i(m) - 2*b(m). What is p(-2)?
-1
Let h(v) = -5*v**2 + v**3 + 2*v**2 + 3*v + 3 - 3*v**2. Suppose -z - 111 = -5*z + 3*c, 1 = -c. Let t be z/5 + 2/(-5). What is h(t)?
-7
Suppose 2*b + 1 = a, 2*b - 3*a - 2 = -5. Let u be 0/(-1 + b) - -4. Let y(n) be the second derivative of n**3/6 - 3*n**2/2 - 20*n. What is y(u)?
1
Let z(n) = -n**2 + 8*n - 7. Let y(w) = w**2 - 8*w + 7. Let g(v) = -5*y(v) - 4*z(v). Let s be ((-5)/2)/((-2)/4). Give g(s).
8
Let x(g) = g**2 - g. Let u(v) = 4*v**2 - 5. Let p(q) = u(q) - 3*x(q). Suppose -3*f + 2*y = -0*f + 17, f - 4*y = -9. What is p(f)?
5
Let r(g) be the first derivative of -g**4/4 - 4*g**3/3 - g**2/2 + 3*g + 19. What is r(-3)?
-3
Suppose 0 = -0*g + 2*g. Suppose g*l = -4*l. Let u(p) = -4*p + 3*p + 7 + 4*p - 2*p. Calculate u(l).
7
Let t(a) = -11*a + 10*a + 0 + 11. Give t(0).
11
Let w(a) = -2*a + 4. Let p be 2/(-4) + (-150)/(-20). Give w(p).
-10
Let m(k) = k**2 - 8*k + 2. Suppose -13 = w - 5*w + 3*h, -w = -4*h. What is m(w)?
-14
Let o(b) = -3*b - 27. Let t(w) = w + 11. Let y(f) = -5*o(f) - 12*t(f). Determine y(-4).
-9
Suppose -v - 3*v - 40 = -2*p, 4*p - 17 = v. Let r(h) = -h**3 - 10*h**2 - 8*h + 12. Determine r(v).
3
Let q = 79 - 79. Let c(o) = o**2 + o + 15. What is c(q)?
15
Let o(u) = -u**3 + 7*u**2 - 6*u + 2. Let r(q) = 7*q**2 - q. Let z be r(1). Let n be o(z). Let w(k) = 5 + k + 0*k**2 + k**2 + n. Determine w(0).
7
Let m(u) = 18*u**2 - 6*u - 1. Let l(r) = -r**2 + r. Let t(i) = 6*l(i) + m(i). Suppose 1 = 3*g + 4. Determine t(g).
11
Let t(b) = 4*b - 2 + 1 - b. Let n be 1/((-2)/(-12)*3). Suppose -2*g - 3*k = -n*k + 6, -g - 13 = 3*k. Calculate t(g).
-4
Let y = -7 - -12. Suppose 4*i - 30 = -q + 6*q, 3*i - y*q = 25. Let a(w) = 0*w**2 - 4*w - 1 - 2 + w**2. What is a(i)?
2
Let r(s) = 3*s**3 + 7*s**2 - 5*s - 7. Let x(y) = 15*y**2 - 15 - 12*y + 4*y - 3*y + 7*y**3. Let n(o) = -5*r(o) + 2*x(o). What is n(-5)?
-10
Let v(s) = -s**3 + 5*s**2 - 2*s - 3. Suppose 5*k = -20 + 55. Let d = k - 4. Give v(d).
9
Let q(t) be the first derivative of t**4/4 + t**3 + t**2/2 - 4*t + 2. Let o be (-3 + -1 - -3) + -2. Give q(o).
-7
Let f(b) = 5*b**3 - b**2 - 5*b - 4. Let t be f(-1). Let p(d) = d. Calculate p(t).
-5
Let r(h) = 7*h**2 + h. Suppose 0 = -4*i + 12 - 16. What is r(i)?
6
Let l be (-88)/14 + (-2)/(-7). Let a(z) = -z + 6. Calculate a(l).
12
Let h be (-11)/(-2) + (-5)/10. Let n(w) = -w + 2. Determine n(h).
-3
Let c = -9 - -31. Let r = c + -21. Let l(j) = 2 + j**2 - 2. Calculate l(r).
1
Let f = -4 - -6. Let h = -4 + f. Let v(a) be the first derivative of a**4/4 + a**3 + 3*a**2/2 + a - 1. Give v(h).
-1
Let a be 5*(-4)/((-40)/6). Suppose -a = -w - 1. Let o(f) = 3 + w*f - f + 4. Calculate o(0).
7
Let b(n) = n**2 + 6*n - 2. Let v = 24 - 31. Calculate b(v).
5
Let f(h) = h**3 + 5*h**2 + 2*h - 2. Let n be -6 - (1 + -3 + 1). Calculate f(n).
-12
Let q(r) = 17*r**2 + 13*r + 13. Let y(m) = 8*m**2 + 6*m + 6. Let b(p) = -6*q(p) + 13*y(p). Give b(-1).
2
Let p = 1 - 1. Suppose 4*n = c + 9, -n + p*c + 3 = -c. Let i(u) = -8*u**n + u**3 + 3*u + 0 + 12*u**2 + 0. Calculate i(-2).
2
Suppose -2*j = -j - 4. Let z(f) be the second derivative of -j*f + f**2 + 0 + 1/20*f**5 + 1/6*f**3 + 1/3*f**4. Determine z(-4).
-2
Let y(i) = i - 2. Let v be y(0). Let p(t) = t + 1. Let s(u) = u. Let n(r) = -p(r) + 4*s(r). Give n(v).
-7
Let j(b) = -7*b + 3*b - 13199 + 13195. Let l = -4 + 1. Determine j(l).
8
Suppose -5*r + 4 = -16. Let z(p) = 6*p**3 - 3*p**2 + 4*p - 11*p**3 + 0*p + r*p**3. Let g(h) = -5*h**2 + h. Let c be g(1). Calculate z(c).
0
Let r(l) be the second derivative of -l**3/6 - 2*l**2 + l. Let m(n) = -n**3 + n - 3. Let p = -1 + 1. Let v be m(p). Calculate r(v).
-1
Let g(b) = b**3 + 3*b**2 - 4*b - 3. Let y = -5 + 9. Suppose -r = 3*r - y. Let x be (1 + -10)/3*r. Determine g(x).
9
Let n(r) = -2*r - 6. Let y be -5*(4/5)/1. Determine n(y).
2
Suppose 2*f - 1 = -3. Let q(t) = -4*t**2 - 1. Calculate q(f).
-5
Suppose -6*j = -2*j + 60. Let k be j/(-21) - (-2)/7. Let p(d) = 0 + 0*d + 3*d + 1. What is p(k)?
4
Let s(b) = -b**2 - b - 1. Let g(x) = x**3 - 8*x**2 - x - 6. Let c(h) = g(h) - 3*s(h). Calculate c(5).
7
Let c(u) be the first derivative of 0*u + 1/3*u**3 + 2 + 3/2*u**2. Calculate c(-3).
0
Let d(o) = -o**3 - 5*o**2 + 6*o - 8. Let i be ((-1)/(1/(-2)))/(8/(-24)). What is d(i)?
-8
Let a(f) = 21*f + 0 + 3 - 4*f - 16*f. Determine a(6).
9
Suppose 3*l = l + 10. Let f(j) = -5*j**2 + l*j**3 + 3*j + 9*j**2 - 4*j**3. Calculate f(-2).
2
Let o(a) = -5*a**2 - 6*a - 3. Let t(q) = 2*q**2 + 3*q + 2. Let w(i) = 3*o(i) + 7*t(i). Determine w(5).
-5
Suppose 2*i + 21 = 7. Let n(m) = -m - 3. Let g be n(i). Suppose -5*u = 5, -g*a - 5 = u - 4*u. Let z(h) = -4*h - 3. Determine z(a).
5
Let m(s) = -s**3 - 3*s**2 - 2*s**3 + 4*s**3 - s - 1. Let j(f) = -6 + 4*f - 5*f - 2 + 3. Let r be j(-7). Give m(r).
-7
Let y(r) = r**3 + 9*r**2 - r - 4. Let u be y(-9). Suppose -m = -2*j + 6, -5*m = 3*j 